e value of -45 + (51 - 19) + -27?
-40
What is (-17 + -20 + 62 - 9 - 17) + -7?
-8
What is 6 + 13 + -82 + 6 + (-11 - -17)?
-51
(-61 - 15) + -11 + 69
-18
Evaluate -19 + -2 + (489 - 449).
19
What is -16 + 1 - (-38 + -41 + 81)?
-17
What is 4 + -8 + (-11 - -16) + 4 + (1 - -124)?
130
(-48 + 85 - (18 + 13)) + -40
-34
Calculate 8 + (-17 - (4 + -8 + -19)).
14
Evaluate -5 + 35 + -21 + -16 + (-1 - -63).
55
Calculate 6 + -37 - ((25 - -13) + 8).
-77
Evaluate 18 - (-2 - 9) - (95 + -64).
-2
Evaluate -54 - (-179 + (-9 - -73)).
61
Evaluate -6 - ((-12 - 1) + (-39 - -26) - -9).
11
What is the value of 10 + (-39 - -1) + (2 - 3 - (-6 - -3))?
-26
What is (44 + -53 - (-11 + -3)) + -6?
-1
What is -33 - (459 + -432 + (-15 - 0))?
-45
Evaluate -25 - ((-34 - -70) + 3 + -11).
-53
Evaluate -57 + -110 + 247 + 10.
90
What is -1 + (-7 + 0 - -11) + -2 + -37 + -2?
-38
What is the value of 74 - 64 - (52 + (1 + -5 - -2))?
-40
Evaluate 20 - (17 + (-55 - -13) + 17).
28
Evaluate 24 + -13 + -9 + 1 + -27.
-24
What is the value of -4 + 718 + -724 + (-1 + 3 - 5)?
-13
What is -18 - (9 + 5 + 1 + -7 - 13)?
-13
What is -10 + (4 - (-5 + 11) - (-31 - -2) - 10)?
7
-18 + (2 - 0) + -28 + 2 + 34 + 14
6
What is (42 - 81) + 58 + -24?
-5
Evaluate -17 + 3 + 2 + 22 + -10 - -9.
9
70 - (85 - (92 + -122))
-45
(0 - -12 - 0) + -284 + 178
-94
Evaluate -27 + 22 + 15 + -38 - 30.
-58
What is the value of 27 + 0 + -146 + 142 - 97?
-74
What is 3 + 43 + -2 + 2 - (1 - (-92 + 95))?
48
What is the value of -74 + (25 - (-69 - -1))?
19
What is the value of -15 + 18 + -23 + 16 + 9?
5
Calculate (-1 - 30) + -2 - (14 - 8 - 13).
-26
Evaluate -5 - -6 - -2 - (38 + (15 + -11 - -3)).
-42
What is -32 + (1 - ((-8 - -2) + (-13 - -20)))?
-32
What is -55 + 30 + -14 - ((-2 - 1) + 2 + -11)?
-27
Calculate -35 + -16 + 19 + -5 + -10.
-47
(-1 - -18) + 382 + -376
23
What is the value of 7 - 0 - (-59 - (-69 - -3)) - (-4 + 55)?
-51
What is 164 + -102 + -17 - -15?
60
93 - -32 - 220 - -76
-19
Evaluate 7 - (0 - -57 - (20 + -7 - 7)).
-44
Calculate -13 + 14 + 51 + -78.
-26
Calculate -3 + 0 + -3 + (27 - -4) + -22 - -2.
5
What is the value of -39 - (-15 + 30 + -9 + 0 + 3 - 4)?
-44
What is 2 + -48 + -16 + (-28 - -11)?
-79
What is the value of -45 + (43 - (-53 + 74))?
-23
Evaluate -57 + 22 + 11 - (-112 + 13).
75
-16 + (18 - -4) + 14 + -23
-3
Evaluate -9 + -122 + 68 + 80.
17
What is the value of -74 + (-17 - 118 - -162)?
-47
Evaluate (2 - (-1 - -25)) + (7 - (2 + -3 + 4)).
-18
What is (111 - 137) + 118 + -28?
64
Calculate 13 + -1 + -6 + -117 + 0 + 3 + -2.
-110
What is 8 - 0 - (76 - (-52 + 81)) - (7 + 3)?
-49
(-9 - (26 - (4 - -7 - -7))) + 50
33
What is -1 + 3 + 13 + -23 + 41?
33
What is 17 + -14 - ((-30 - -36) + 14 + -1 + -5)?
-11
What is the value of -3 + -2 + -6 + 6 - (-38 + 16)?
17
Evaluate (-70 - (-46 - -10)) + 20.
-14
What is (10 - 0 - 34) + 8 + 17?
1
What is the value of (0 - -2) + (-4 + 9 - -48) - (-236 + 244)?
47
25 + (80 - 13) + -58
34
-17 - 10 - -11 - -5 - (-107 + 24)
72
-2 - (137 - 2) - (-77 - 52 - -119)
-127
13 + -17 + -38 + -2 + -12 - -11
-45
-11 + 8 + (-5 - (9 - 6)) - 26
-37
Calculate -3 + -18 + 43 - (-1 + 31).
-8
What is (3 - 9) + -2 + (26 - (-27 - -14 - -32))?
-1
Calculate 1 - (-10 + 91 + (-11 - -1 - -10 - -14)).
-94
What is the value of (66 - 148) + (-166 - -184 - (0 + -1))?
-63
What is the value of 22 + (-21 - 8) - (4 - 52) - 16?
25
Evaluate 25 - (35 + -5 + -34).
29
What is the value of 1 + -18 + -291 + 317 + -34?
-25
What is the value of -38 + -54 + (1 - 13 - (36 + -40 + -5))?
-95
Evaluate 10 - (-1 + 11 + 0 - 24 - -28).
-4
Calculate -16 + 57 + -21 - -31.
51
(6 - -34) + (-19 - (-18 + 5)) + 11
45
Calculate -17 + 10 + -38 - -99.
54
What is -2 + 21 + 6 + 87 + -11 + -31?
70
1 - (15 + 0 + 12 + -17)
-9
What is the value of -11 - -35 - ((11 - (-2 + 8)) + 4 + -2)?
17
What is the value of -3 + 2 + 2 + -4 + -90722 + 90666?
-59
What is -1 + 11 - (2003 + -2017)?
24
Evaluate -24 + (2 - 21) + (-306 - -325).
-24
What is the value of (-83 - -39) + (90 - 5)?
41
Calculate (-70 - 39 - -46) + 59.
-4
What is the value of (-60 - -87) + -148 - -142?
21
-118 - (27 + -129) - (-87 - (0 - 2))
69
What is the value of -51 - (-102 + 91 + -101)?
61
What is the value of (2 + 13 - (-28 - -48)) + 34 - (5 - 0)?
24
Evaluate -14 - (26 + -4 + -8 + (24 - 0)).
-52
15 + (-6 - (20 - 8) - -12) - 11
-2
What is -84 - 18 - (0 - (29 + 6))?
-67
11 + (-22 - -37 - 21) + (-1 + 1 - 8)
-3
Calculate -75 + (-61 + 25 - -93).
-18
-43 - (-84 - (21 + -30))
32
30 - -2 - (10 - (16 - 27 - -19))
30
7 + -8 + 31 + -3 - (8 + 5) - 3
11
What is 15 + -14 + 140 + -161?
-20
What is -11 + 22 + -99 + -15?
-103
(40 - -43 - 55) + 3 + (1 - 17)
15
Calculate -12 - (15 - (31 - (0 - (15 + 1)))).
20
What is (-3 - 7) + (74 - 88) - 38?
-62
Calculate -35 + 0 + (-9 + -6 - -31 - 4).
-23
Calculate (-3 - (5 + -17)) + (7 - -7 - 7) + 48.
64
Calculate 46 - (15 + -3 + -8 + 14 + -7 + -8).
43
1 - 56 - (-577 + 567) - -25
-20
-61 - -203 - (-122 + 284)
-20
What is (35 - (-3 + -15 - -60)) + 96?
89
What is the value of -24 - -155 - (5 + 3 + 0 - -2) - 10?
111
Calculate 125 + -273 + 121 - 67.
-94
Evaluate 33 - 96 - (-89 + -10).
36
Calculate -84 + 194 + (-6 - -11 - 3 - 13).
99
Calculate -56 - (40 - 5) - -9.
-82
What is the value of -54 + 21 + (-215 - -305)?
57
What is the value of -2 + (11 - 6 - -6) + (9 - -6)?
24
Calculate (-26 - -63) + (707 - 859).
-115
What is the value of -10 + -8 - 25 - (-9 - (-10 + -12))?
-56
3 + (-39 - (19 - (-14 + 52))) - -16
-1
What is -190 + 102 + 75 + (-2 + 71 - -2)?
58
(0 - (9 - 65)) + -1
55
What is the value of -1 + -16 + (60 + -74 - -35) + 15?
19
(-63 - 54) + 46 + 70 + (-54 - -1) + 1
-53
Calculate -70 + (91 - 44) + 80.
57
What is the value of -8 - (-6 + (11 - -5) - 12) - (0 + -35)?
29
What is the value of 7 - (9 + -4 + (32 - 21) + (6 - -88))?
-103
-1 + -9 - (143 - 133 - -23)
-43
Calculate 136 + -133 + 1 + -11 - (-12 - (-45 + 3)).
-37
(13 - (-12 - -60)) + 48 + (49 - -1)
63
Calculate -37 - -57 - -76 - 58.
38
Calculate 13 + (5 - 2) + (-99 - -87) - 39.
-35
Calculate -2 - ((-10 - -6) + -4) - 54 - -6.
-42
(-37 - -40 - 5) + (-4 - 3) + -51
-60
668 + -668 + -3 + 0
-3
What is (2 + 0 - 14) + (18 - (0 + -19))?
25
What is the value of (20 - 29) + -7 + -6 + -6?
-28
What is 104 + 2 + -2 - (-19 - -14 - (-32 - -28))?
105
Calculate (-1 - (3 - 198)) + -24 + -38.
132
What is the value of 14 - (0 - (6 - 0 - (5 + 5 - -1)))?
9
Calculate 9 + -23 + 19 + 10 - 72.
-57
What is the value of (-162 - -24) + 60 + 40?
-38
What is the value of -1 + 8 - (30 + (9 + -3 - 19) - 11)?
1
Evaluate (72 - -30) + (-82 - -3).
23
What is the value of -61 - (0 + 1 - 19 - -6 - 8)?
-41
-25 + 629 + -644 + (-1 - -107)
66
Evaluate 1859 + -1937 - (1 + -67).
-12
Evaluate -86 + (29 - (-38 + -67)).
48
Calculate 39 - -6 - (256 + -202).
-9
Calculate 0 - -56 - (2760 - 2682).
-22
What is (-208 - -183) + 8 + 3 + -5?
-19
Evaluate -86 + -70 + 102 - -147.
93
What is the value of 37 + -93 + 58 - ((-2 - -3) + 3) - 50?
-52
What is 0 + -7 + -1 + (-73 - -85) + 20?
24
Evaluate -3 + (85 - 54 - (46 + -6)).
-12
Evaluate 243 + -284 - ((-10 - -6) + 1 + -4 + -2).
-32
What is the value of 0 - (7 - -5 - (51 + -2)) - -2?
39
Calculate 4 - ((1 - 5) + (-13 - -30)).
-9
Calculate 2816 + -2880 + 44 + 1.
-19
17 + 30 + -64 + -7 + 0
-24
What is the value of -12 - -8 - (210 + -227)?
13
Calculate -9 - (-14 + (0 - (-2 - -5) - -3)).
5
Evaluate 37 + 21 + -46 - -14.
26
What is -72 - (-100 + -11 + 56)?
-17
What is the value of -22 + -35 + 218 + -146?
15
What is 61 + (6 - -21 - 104)?
-16
What is -11 + 12 - (-1 - 1) - (-59 + 25) - -6?
43
Calculate 21 + 39 + 1 + 6 + -3 + (7 - 4).
67
What is (-6 - -14) + -8 + (-6 + 0 - (-62 + 61))?
-5
Evaluate -3 - (-10 - -6) - (-7 + 3 + -51).
56
What is the value of -28 + (-27 - (-48 + 33 + -88))?
48
What is the value of 1 + 33 - ((24 - 27 - -25) + -32)?
44
Calculate 20 + (10 - (6 - 7)) + 40 + -107.
-36
Calculate (29 + -3 - 48) + -21.
-43
What is the value of -50 + (62 - -26) + -13?
25
2 + 8 - (6 - 2 - -66) - (-1 - -12)
-71
Calculate (9 - 16) + 2 + (11 - 1) - 17.
-12
Evaluate (-55 - (-11 - 69)) + -21 + (2 - -30).
36
What is 47 - (-47 + 9 + 21) - (5 + (-1 - -2))?
58
What is -9 - (18 + 2) - (8 + -9 - -12)?
-40
Calculate 5937 - 5964 - (-68 + 0).
41
What is (-30 - (-69 + 25) - 26) + -35 + -1?
-48
-3 + 23 - -1 - (-21 - -63)
-21
Calculate -128 - (52 + -167 + 79).
-92
24